e highest common divisor of 1243 and 66606607?
113
Calculate the greatest common divisor of 12804 and 4649700.
132
Calculate the highest common factor of 100 and 23313350.
50
Calculate the highest common factor of 8 and 6526608.
8
What is the greatest common factor of 44824 and 12455469?
5603
Calculate the greatest common divisor of 4465 and 192183.
47
What is the greatest common factor of 30436035 and 77644?
413
What is the greatest common divisor of 31840 and 110080?
160
Calculate the greatest common divisor of 3340545 and 34632.
1443
Calculate the highest common factor of 2322509 and 6902.
7
What is the greatest common factor of 100 and 41905550?
50
Calculate the highest common divisor of 1337 and 523915.
7
Calculate the greatest common factor of 4068595 and 132060.
155
What is the greatest common factor of 228 and 6767724?
228
Calculate the greatest common divisor of 32546612 and 2044.
2044
What is the greatest common divisor of 1882 and 19307438?
1882
What is the greatest common divisor of 41889111 and 9?
3
Calculate the highest common factor of 110 and 64268600.
110
What is the highest common divisor of 668 and 19330417?
167
Calculate the greatest common factor of 19067 and 80063.
23
Calculate the greatest common divisor of 6476470 and 15785.
385
What is the highest common factor of 1387 and 191273?
19
What is the highest common factor of 6699 and 1267189?
77
What is the greatest common divisor of 57858720 and 2400?
480
Calculate the highest common divisor of 144848359 and 33988.
8497
Calculate the highest common divisor of 3157113 and 4239.
471
What is the highest common factor of 107314778 and 442?
34
Calculate the highest common factor of 1206 and 28162780.
134
Calculate the greatest common divisor of 81961 and 19007501.
7451
Calculate the highest common factor of 93341019 and 127101.
9777
Calculate the highest common divisor of 2930 and 346409212.
586
Calculate the highest common factor of 1 and 817093.
1
What is the greatest common divisor of 2105 and 25610693?
421
What is the greatest common divisor of 5770 and 20165573?
577
Calculate the highest common divisor of 189794366 and 94.
94
What is the highest common divisor of 2286490 and 1010?
10
Calculate the highest common factor of 1536 and 4711424.
512
Calculate the greatest common divisor of 59268130 and 7940.
3970
Calculate the highest common factor of 54417214 and 173228.
7874
Calculate the highest common divisor of 18111555 and 770.
385
What is the highest common factor of 156 and 40865460?
12
What is the highest common divisor of 34541880 and 40?
40
Calculate the highest common factor of 30580431 and 115416.
4809
Calculate the greatest common divisor of 13396040 and 105.
35
What is the greatest common divisor of 2174 and 195943707?
1087
Calculate the greatest common factor of 1075165 and 8281.
91
What is the highest common divisor of 597753 and 312819?
507
What is the greatest common divisor of 528 and 9303393?
33
Calculate the highest common factor of 192 and 914676288.
192
What is the greatest common factor of 3231268 and 20?
4
What is the highest common divisor of 950866 and 4298?
14
What is the highest common factor of 22050666 and 38148?
1122
What is the greatest common divisor of 2562 and 588668178?
2562
Calculate the greatest common factor of 427488 and 15553536.
5856
What is the highest common divisor of 4002 and 7336536?
174
What is the greatest common factor of 13851682 and 676?
26
What is the greatest common divisor of 1233412 and 7568?
172
Calculate the greatest common factor of 226644 and 323301.
3333
Calculate the highest common divisor of 485007963 and 4917.
4917
Calculate the greatest common factor of 4756 and 75748.
116
Calculate the highest common divisor of 40120 and 7897740.
1180
What is the greatest common factor of 19450 and 6484630?
3890
What is the greatest common factor of 1109811 and 26508?
141
What is the greatest common divisor of 60598 and 62332433?
739
What is the highest common factor of 71277667 and 736?
23
What is the highest common divisor of 47471042 and 1214?
1214
What is the greatest common divisor of 709650 and 13050?
450
Calculate the greatest common divisor of 195 and 2554788795.
195
Calculate the highest common factor of 1011780 and 58608.
396
What is the greatest common divisor of 6475 and 5284525?
925
Calculate the highest common divisor of 120 and 1459095.
15
What is the greatest common divisor of 111 and 4509412?
37
Calculate the greatest common factor of 8096284 and 644.
28
What is the highest common factor of 25 and 307180?
5
What is the greatest common factor of 1571163 and 9141?
33
Calculate the highest common divisor of 3585 and 2376987645.
3585
Calculate the highest common factor of 575 and 24996100.
25
Calculate the highest common divisor of 764 and 264932.
4
Calculate the greatest common factor of 842 and 28271834.
842
Calculate the highest common divisor of 7963796 and 10058.
214
Calculate the highest common factor of 2286 and 4064.
254
What is the highest common factor of 1261577 and 43?
43
Calculate the greatest common divisor of 1943295336 and 402.
402
What is the greatest common divisor of 22443382 and 598?
26
What is the highest common divisor of 1336388959 and 817?
817
What is the highest common divisor of 66042 and 1323286?
2446
What is the greatest common factor of 1050 and 44482942?
14
What is the highest common factor of 2453105 and 2385?
265
What is the greatest common factor of 343726528 and 19806?
6602
What is the greatest common divisor of 355266 and 66521?
731
What is the greatest common divisor of 29083379 and 3315?
221
What is the highest common divisor of 349077402 and 14418?
1602
What is the highest common factor of 19602 and 14904?
162
What is the greatest common factor of 98750 and 773100?
50
What is the highest common divisor of 13816 and 52888?
88
Calculate the highest common factor of 7825788 and 108.
108
Calculate the greatest common factor of 3327138390 and 290.
290
Calculate the greatest common divisor of 34 and 44155052.
34
Calculate the greatest common factor of 100 and 1189240825.
25
Calculate the highest common divisor of 6 and 5543202.
6
What is the highest common factor of 184429 and 2?
1
Calculate the greatest common factor of 2360 and 22053610.
590
What is the highest common factor of 2028 and 50495679?
507
Calculate the greatest common divisor of 3280835 and 29845.
235
Calculate the highest common factor of 3233 and 3126799.
61
Calculate the highest common divisor of 131577 and 110898.
183
Calculate the greatest common divisor of 954 and 644437494.
954
What is the greatest common divisor of 16830 and 32244102?
198
What is the highest common divisor of 69953 and 16900?
13
What is the greatest common divisor of 35317120 and 200?
40
Calculate the highest common factor of 7135 and 10100306.
1427
What is the greatest common factor of 68 and 1325023316?
68
Calculate the highest common factor of 864 and 352368.
144
What is the greatest common factor of 210926674 and 294?
98
Calculate the greatest common divisor of 39868701 and 426.
213
Calculate the greatest common factor of 8707679 and 795177.
9817
What is the greatest common divisor of 100030576 and 16?
16
Calculate the highest common divisor of 78 and 953953494.
78
Calculate the greatest common divisor of 5764 and 1452.
44
What is the greatest common divisor of 8526600 and 495?
45
What is the highest common divisor of 595773 and 3021?
159
Calculate the greatest common factor of 18093626 and 86.
86
Calculate the highest common divisor of 70242 and 2297700.
138
What is the greatest common factor of 456 and 940248?
24
Calculate the greatest common factor of 160 and 49460560.
80
What is the greatest common divisor of 120389 and 121437?
131
Calculate the highest common divisor of 496122227 and 284.
71
Calculate the greatest common factor of 12886 and 135626.
34
What is the highest common divisor of 263 and 190340201?
263
Calculate the highest common divisor of 195 and 1304760.
15
What is the greatest common factor of 15478840 and 262444?
5356
Calculate the highest common factor of 45521 and 31793167.
6503
What is the greatest common divisor of 751667 and 2672?
167
Calculate the greatest common factor of 22895880 and 7760.
3880
Calculate the g